{"id":294,"date":"2015-05-20T21:58:07","date_gmt":"2015-05-20T21:58:07","guid":{"rendered":"http:\/\/sanagustin.org\/word\/?page_id=294"},"modified":"2015-07-16T21:09:40","modified_gmt":"2015-07-16T21:09:40","slug":"vida-religiosa","status":"publish","type":"page","link":"http:\/\/sanagustin.org\/word\/vida-religiosa\/","title":{"rendered":"Vida Religiosa"},"content":{"rendered":"<p style=\"text-align: justify;\">Los desaf\u00edos que hoy se le presentan a la Vida Religiosa (VR) requiere una mayor atenci\u00f3n a los aspectos formativos, el \u00e1rea denominada Formaci\u00f3n y Vida Religiosa (FVR) buscar\u00e1 animar a cada hermano para que se sienta responsable de su propio proceso formativo. Para ello contamos con diferentes equipos de trabajo que prestaran especial atenci\u00f3n a cada etapa de nuestra VR, una atenci\u00f3n particular para el per\u00edodo inicial y la formaci\u00f3n en los estudios Filos\u00f3ficos y Teol\u00f3gicos. Otro equipo intentar\u00e1 leer los signos de los tiempos y procurar los recursos humanos e intelectuales para dar una respuesta adecuada teniendo en cuenta nuestra tradici\u00f3n Agustiniana y las exigencias del Evangelio. Para esto es necesaria la formaci\u00f3n permanente, estar actualizados, contar con medios aptos para llegar a la inteligencia y al coraz\u00f3n de las personas a las que queremos evangelizar.<\/p>\n<p style=\"text-align: justify;\">Los religiosos agustinos del vicariato San Alonso de Orozco estamos transitando un itinerario de conversi\u00f3n personal y comunitaria en el que nos proponemos revisar nuestra vida para acrecentar el gozo del encuentro personal con Dios y la verdad del Evangelio. Solo as\u00ed seremos la tierra f\u00e9rtil que de buenos frutos de fe, esperanza y amor al servicio del mundo y del reino de Dios.<\/p>\n<p style=\"text-align: justify;\">Fr. Claudio Javier Arg\u00fcello OSA, -\u00c1rea de FVR-<\/p>\n<p style=\"text-align: justify;\"><span style=\"color: #0000ff;\"><em>La VR hoy, especialmente\u00a0 en Am\u00e9rica Latina, camina hacia un nuevo estilo de formaci\u00f3n, m\u00e1s cercano, m\u00e1s inserto, m\u00e1s humano y humanizante, m\u00e1s realista o mejor que sepa conjugar el ideal\/realidad. La formaci\u00f3n cl\u00e1sica nos dec\u00eda que hab\u00eda que crear un ambiente seleccionado de pura sangre, una especie de incubadora, los resultados: las crisis y las deserciones y la dificultad de adaptaci\u00f3n en la vida comunitaria de los candidatos salidos de la Casa de Formaci\u00f3n; hoy en cambio se inclina m\u00e1s hacia la opci\u00f3n por comunidades formativas en donde el contacto permanente con los hermanos juega un rol fundamental en el discernimiento vocacional y carism\u00e1tico\u201d. Todo crecimiento pleno, dice Francisco, no se da en incubadora sino en familia, con el crecimiento del sentido de familia. <\/em><\/span><\/p>\n<p style=\"text-align: justify;\"><span style=\"color: #0000ff;\"><em>(Fr Jos\u00e9 Guillermo, Discurso program\u00e1tico 2014)<\/em><\/span><\/p>\n<p><a href=\"http:\/\/sanagustin.org\/Documentos\/scrutate_es.pdf\" target=\"_blank\"><img decoding=\"async\" loading=\"lazy\" class=\"alignleft size-full wp-image-297\" src=\"http:\/\/sanagustin.org\/word\/wp-content\/uploads\/2015\/05\/escrutar-e1433982431447.jpg\" alt=\"escrutar\" width=\"279\" height=\"380\" srcset=\"http:\/\/sanagustin.org\/word\/wp-content\/uploads\/2015\/05\/escrutar-e1433982431447.jpg 279w, http:\/\/sanagustin.org\/word\/wp-content\/uploads\/2015\/05\/escrutar-e1433982431447-220x300.jpg 220w\" sizes=\"(max-width: 279px) 100vw, 279px\" \/><\/a><a href=\"http:\/\/sanagustin.org\/Documentos\/rallegratevi_es.pdf\" target=\"_blank\"><img decoding=\"async\" loading=\"lazy\" class=\"alignleft size-full wp-image-296\" src=\"http:\/\/sanagustin.org\/word\/wp-content\/uploads\/2015\/05\/alegrense-e1433982393899.jpg\" alt=\"alegrense\" width=\"292\" height=\"380\" srcset=\"http:\/\/sanagustin.org\/word\/wp-content\/uploads\/2015\/05\/alegrense-e1433982393899.jpg 292w, http:\/\/sanagustin.org\/word\/wp-content\/uploads\/2015\/05\/alegrense-e1433982393899-230x300.jpg 230w\" sizes=\"(max-width: 292px) 100vw, 292px\" \/><\/a> <a href=\"http:\/\/sanagustin.org\/Documentos\/lineas_orientativas_es.pdf\" target=\"_blank\"><img decoding=\"async\" loading=\"lazy\" class=\"wp-image-298 alignleft\" src=\"http:\/\/sanagustin.org\/word\/wp-content\/uploads\/2015\/05\/gestion_bienes-e1433982467112.jpg\" alt=\"gestion_bienes\" width=\"287\" height=\"380\" srcset=\"http:\/\/sanagustin.org\/word\/wp-content\/uploads\/2015\/05\/gestion_bienes-e1433982467112.jpg 287w, http:\/\/sanagustin.org\/word\/wp-content\/uploads\/2015\/05\/gestion_bienes-e1433982467112-226x300.jpg 226w\" sizes=\"(max-width: 287px) 100vw, 287px\" \/><\/a> <a href=\"http:\/\/sanagustin.org\/Documentos\/lettere_francesco_es.pdf\" target=\"_blank\"><img decoding=\"async\" loading=\"lazy\" class=\"alignleft size-full wp-image-299\" src=\"http:\/\/sanagustin.org\/word\/wp-content\/uploads\/2015\/05\/testigos-e1433982357224.jpg\" alt=\"testigos\" width=\"283\" height=\"380\" srcset=\"http:\/\/sanagustin.org\/word\/wp-content\/uploads\/2015\/05\/testigos-e1433982357224.jpg 283w, http:\/\/sanagustin.org\/word\/wp-content\/uploads\/2015\/05\/testigos-e1433982357224-223x300.jpg 223w\" sizes=\"(max-width: 283px) 100vw, 283px\" \/><\/a><\/p>\n<p><a href=\"http:\/\/www.vatican.va\/roman_curia\/congregations\/ccscrlife\/documents\/rc_con_ccscrlife_doc_20020614_ripartire-da-cristo_sp.html\" target=\"_blank\"><img decoding=\"async\" loading=\"lazy\" class=\"alignleft size-full wp-image-953\" src=\"http:\/\/sanagustin.org\/word\/wp-content\/uploads\/2015\/05\/Caminar-desde-Cristo.jpg\" alt=\"Caminar desde Cristo\" width=\"256\" height=\"398\" srcset=\"http:\/\/sanagustin.org\/word\/wp-content\/uploads\/2015\/05\/Caminar-desde-Cristo.jpg 256w, http:\/\/sanagustin.org\/word\/wp-content\/uploads\/2015\/05\/Caminar-desde-Cristo-193x300.jpg 193w\" sizes=\"(max-width: 256px) 100vw, 256px\" \/><\/a><\/p>\n","protected":false},"excerpt":{"rendered":"<p>Los desaf\u00edos que hoy se le presentan a la Vida Religiosa (VR) requiere una mayor atenci\u00f3n a los aspectos formativos, el \u00e1rea denominada Formaci\u00f3n y Vida Religiosa (FVR) buscar\u00e1 animar a cada hermano para que se sienta responsable de su propio proceso formativo. Para ello contamos con diferentes equipos de trabajo que prestaran especial atenci\u00f3n [&hellip;]<\/p>\n","protected":false},"author":2,"featured_media":0,"parent":0,"menu_order":0,"comment_status":"open","ping_status":"open","template":"","meta":[],"_links":{"self":[{"href":"http:\/\/sanagustin.org\/word\/wp-json\/wp\/v2\/pages\/294"}],"collection":[{"href":"http:\/\/sanagustin.org\/word\/wp-json\/wp\/v2\/pages"}],"about":[{"href":"http:\/\/sanagustin.org\/word\/wp-json\/wp\/v2\/types\/page"}],"author":[{"embeddable":true,"href":"http:\/\/sanagustin.org\/word\/wp-json\/wp\/v2\/users\/2"}],"replies":[{"embeddable":true,"href":"http:\/\/sanagustin.org\/word\/wp-json\/wp\/v2\/comments?post=294"}],"version-history":[{"count":13,"href":"http:\/\/sanagustin.org\/word\/wp-json\/wp\/v2\/pages\/294\/revisions"}],"predecessor-version":[{"id":1009,"href":"http:\/\/sanagustin.org\/word\/wp-json\/wp\/v2\/pages\/294\/revisions\/1009"}],"wp:attachment":[{"href":"http:\/\/sanagustin.org\/word\/wp-json\/wp\/v2\/media?parent=294"}],"curies":[{"name":"wp","href":"https:\/\/api.w.org\/{rel}","templated":true}]}}