{"id":304,"date":"2015-05-21T12:57:27","date_gmt":"2015-05-21T12:57:27","guid":{"rendered":"http:\/\/sanagustin.org\/word\/?page_id=304"},"modified":"2021-04-10T13:50:48","modified_gmt":"2021-04-10T13:50:48","slug":"estatutos-legislacion","status":"publish","type":"page","link":"http:\/\/sanagustin.org\/word\/estatutos-legislacion\/","title":{"rendered":"Estatutos \/ Legislaci\u00f3n"},"content":{"rendered":"<p><a href=\"http:\/\/sanagustin.org\/word\/wp-content\/uploads\/2015\/05\/nuevaprovincia_m.png\"><img decoding=\"async\" loading=\"lazy\" class=\"alignleft size-full wp-image-306\" src=\"http:\/\/sanagustin.org\/word\/wp-content\/uploads\/2015\/05\/nuevaprovincia_m.png\" alt=\"nuevaprovincia_m\" width=\"112\" height=\"149\" \/><\/a><br \/>\n<a href=\"http:\/\/sanagustin.org\/ver.php?id=UnaNuevaProvincia%28v1%29&amp;ext=epub\"><strong>Una Nueva Provincia de Agustinos.<\/strong><\/a><br \/>\npara una nueva evangelizaci\u00f3n.(v.1) (52kb)<\/p>\n<p>Documentos UPE<br \/>\n2014<\/p>\n<p>&nbsp;<\/p>\n<p>&nbsp;<\/p>\n<p><a href=\"http:\/\/sanagustin.org\/word\/wp-content\/uploads\/2015\/05\/RyCOSA_m.png\"><img decoding=\"async\" loading=\"lazy\" class=\"alignleft size-full wp-image-307\" src=\"http:\/\/sanagustin.org\/word\/wp-content\/uploads\/2015\/05\/RyCOSA_m.png\" alt=\"RyCOSA_m\" width=\"112\" height=\"162\" \/><\/a><\/p>\n<p>&nbsp;<\/p>\n<p><a href=\"http:\/\/sanagustin.org\/ver.php?id=ReglayConstOSA_SPA_LA%28v1%29&amp;ext=epub\"><strong>Regla y Constituciones de la Orden de San Agust\u00edn.<\/strong><\/a> (216kb)<br \/>\nTexto espa\u00f1ol latinoam\u00e9rica.<\/p>\n<p>Curia General Agustiniana<br \/>\nRoma 2008<\/p>\n<p>&nbsp;<\/p>\n<p>&nbsp;<\/p>\n<p><a href=\"http:\/\/sanagustin.org\/word\/wp-content\/uploads\/2015\/05\/EstProv_m.png\"><img decoding=\"async\" loading=\"lazy\" class=\"alignleft size-full wp-image-309\" src=\"http:\/\/sanagustin.org\/word\/wp-content\/uploads\/2015\/05\/EstProv_m.png\" alt=\"EstProv_m\" width=\"112\" height=\"155\" \/><\/a><\/p>\n<p>&nbsp;<\/p>\n<p><a href=\"http:\/\/sanagustin.org\/ver.php?id=EstatutosProv&amp;ext=epub\"><strong>Estatutos Provinciales<\/strong><\/a> (134kb)<br \/>\nProvincia de Espa\u00f1a,<\/p>\n<p>Madrid 2010<\/p>\n<p>&nbsp;<\/p>\n<p>&nbsp;<\/p>\n<p>&nbsp;<\/p>\n<p><a href=\"http:\/\/sanagustin.org\/word\/wp-content\/uploads\/2015\/05\/EstVicar_m.png\"><img decoding=\"async\" loading=\"lazy\" class=\"alignleft size-full wp-image-310\" src=\"http:\/\/sanagustin.org\/word\/wp-content\/uploads\/2015\/05\/EstVicar_m.png\" alt=\"EstVicar_m\" width=\"112\" height=\"155\" \/><\/a><br \/>\n<a href=\"http:\/\/sanagustin.org\/word\/wp-content\/uploads\/2021\/03\/EstatutosVic2018_modificadosfinal-ultimo-1-1-1.pdf\" target=\"_blank\"><strong>Estatutos Vicariales.<\/strong><\/a>(377kb)<br \/>\nVicariato San alonso de Orozco de Argentina,<\/p>\n<p>Buenos Aires 2011<\/p>\n<p>&nbsp;<\/p>\n<p>&nbsp;<\/p>\n<p>&nbsp;<\/p>\n<p><a href=\"http:\/\/sanagustin.org\/word\/wp-content\/uploads\/2015\/05\/EstVicar_m.png\"><img decoding=\"async\" loading=\"lazy\" class=\"alignleft size-full wp-image-310\" src=\"http:\/\/sanagustin.org\/word\/wp-content\/uploads\/2015\/05\/EstVicar_m.png\" alt=\"EstVicar_m\" width=\"112\" height=\"155\" \/><\/a><br \/>\n<strong><a href=\"http:\/\/sanagustin.org\/word\/wp-content\/uploads\/2021\/03\/ESTATUTOS-DEL-EQUIPO-DE-TITULARIDAD-Vicariato-modif2018.pdf\" target=\"_blank\">Estatus del Equipo Educativo de Titularidad<\/a><\/strong><br \/>\nVICARIATO SAN ALONSO DE OROZCO<\/p>\n<p>2017<\/p>\n<p>&nbsp;<\/p>\n<p>&nbsp;<\/p>\n<p>&nbsp;<\/p>\n<p><a href=\"http:\/\/sanagustin.org\/word\/wp-content\/uploads\/2015\/05\/donytarea_m.png\"><img decoding=\"async\" loading=\"lazy\" class=\"alignleft size-full wp-image-311\" src=\"http:\/\/sanagustin.org\/word\/wp-content\/uploads\/2015\/05\/donytarea_m.png\" alt=\"donytarea_m\" width=\"112\" height=\"162\" \/><\/a><\/p>\n<p><a href=\"http:\/\/sanagustin.org\/ver.php?id=DonYTarea&amp;ext=epub\"><strong>Don y Tarea<\/strong><\/a>(147kb)<br \/>\nProyecto de vida y misi\u00f3n de los agustinos en Espa\u00f1a<br \/>\npara el nuevo milenio.<\/p>\n<p>Documentos CIUPE-2<\/p>\n<p>&nbsp;<\/p>\n<p><strong><a href=\"http:\/\/link http:\/\/www.oalagustinos.org\/for\/RitualOrdeSanAgustin.pdf\">Ritual de la Orden<\/a><\/strong><\/p>\n","protected":false},"excerpt":{"rendered":"<p>Una Nueva Provincia de Agustinos. para una nueva evangelizaci\u00f3n.(v.1) (52kb) Documentos UPE 2014 &nbsp; &nbsp; &nbsp; Regla y Constituciones de la Orden de San Agust\u00edn. (216kb) Texto espa\u00f1ol latinoam\u00e9rica. Curia General Agustiniana Roma 2008 &nbsp; &nbsp; &nbsp; Estatutos Provinciales (134kb) Provincia de Espa\u00f1a, Madrid 2010 &nbsp; &nbsp; &nbsp; Estatutos Vicariales.(377kb) Vicariato San alonso de Orozco [&hellip;]<\/p>\n","protected":false},"author":2,"featured_media":0,"parent":0,"menu_order":0,"comment_status":"open","ping_status":"open","template":"","meta":[],"_links":{"self":[{"href":"http:\/\/sanagustin.org\/word\/wp-json\/wp\/v2\/pages\/304"}],"collection":[{"href":"http:\/\/sanagustin.org\/word\/wp-json\/wp\/v2\/pages"}],"about":[{"href":"http:\/\/sanagustin.org\/word\/wp-json\/wp\/v2\/types\/page"}],"author":[{"embeddable":true,"href":"http:\/\/sanagustin.org\/word\/wp-json\/wp\/v2\/users\/2"}],"replies":[{"embeddable":true,"href":"http:\/\/sanagustin.org\/word\/wp-json\/wp\/v2\/comments?post=304"}],"version-history":[{"count":14,"href":"http:\/\/sanagustin.org\/word\/wp-json\/wp\/v2\/pages\/304\/revisions"}],"predecessor-version":[{"id":1727,"href":"http:\/\/sanagustin.org\/word\/wp-json\/wp\/v2\/pages\/304\/revisions\/1727"}],"wp:attachment":[{"href":"http:\/\/sanagustin.org\/word\/wp-json\/wp\/v2\/media?parent=304"}],"curies":[{"name":"wp","href":"https:\/\/api.w.org\/{rel}","templated":true}]}}