{"id":51,"date":"2015-04-27T20:45:21","date_gmt":"2015-04-27T20:45:21","guid":{"rendered":"http:\/\/sanagustin.org\/word\/?page_id=51"},"modified":"2022-03-08T10:50:21","modified_gmt":"2022-03-08T10:50:21","slug":"carisma-y-espiritualidad","status":"publish","type":"page","link":"http:\/\/sanagustin.org\/word\/carisma-y-espiritualidad\/","title":{"rendered":"La Orden de San Agust\u00edn | CARISMA Y ESPIRITUALIDAD"},"content":{"rendered":"<p><strong>Carisma y valores<\/strong><\/p>\n<p><strong>Seguimiento a Jesucristo<\/strong><\/p>\n<p><em>Para San Agust\u00edn, Jesucristo debe ser el centro de toda vida cristiana. En \u00c9l encontramos el sentido de la vida y a \u00c9l debemos estar siempre unidos.<\/em><\/p>\n<p><em>\u201cLa norma fundamental de la vida religiosa es el seguimiento a Cristo, que nos impulsa al amor seg\u00fan nuestra personal consagraci\u00f3n.\u201d\u00a0(Const. 17)<\/em><\/p>\n<p>&nbsp;<\/p>\n<p><strong>Vida com\u00fan<\/strong><\/p>\n<p><em>San Agust\u00edn nos convoca para buscar a Dios en comunidad. No es una mera compa\u00f1\u00eda en nuestra vida, ni una distribuci\u00f3n de servicios y habilidades, sino una base s\u00f3lida para guiarnos firmes hacia Dios.<\/em><\/p>\n<p><em>\u201cLa comunidad es el eje en torno al cual gira la vida religiosa agustiniana: comunidad de hermanos que viven un\u00e1nimes en la casa, teniendo una sola alma y un solo coraz\u00f3n, buscando juntos a Dios y dispuestos a servir a la Iglesia.\u201d\u00a0(Const. 26)<\/em><\/p>\n<p>&nbsp;<\/p>\n<p><strong>Amistad<\/strong><\/p>\n<p><em>La amistad es una forma de concreci\u00f3n del amor. Puede llegar a ser aut\u00e9ntico\u00a0\u201camor de alma a alma\u201d. De hecho, San Agust\u00edn concibe que se pueden fundir varias almas en una sola. Esto no significa unidad en los gustos, los sentimientos, los proyectos, las opiniones\u2026, sino unidad en el ser. La buena amistad contribuye a la felicidad, es un don precioso de la vida. La amistad es uno de los aspectos fundamentales para aprender la gratuidad del amor y constituye un pilar b\u00e1sico del ser humano y su felicidad.<\/em><\/p>\n<p><em>\u201cAqu\u00ed existen dos cosas necesarias: la salud y un buen amigo\u201d\u00a0(Serm\u00f3n Dennis 16,1).\u00a0\u201cNo hay amistad verdadera sino entre aquellos a quienes T\u00fa aglutinas entre s\u00ed por medio de la caridad.\u201d\u00a0(Conf. 4,4,7).<\/em><\/p>\n<p><em>\u201cEl fin de la Orden consiste en que, unidos concordemente en fraternidad y amistad espiritual, busquemos y honremos a Dios, y trabajemos al servicio de su pueblo.\u201d\u00a0(Const. 13).<\/em><\/p>\n<p><strong>B\u00fasqueda<\/strong><\/p>\n<p><em>San Agust\u00edn pasa casi toda su vida en b\u00fasqueda de la verdad. Su inquietud no cesa hasta comprender que Dios es la Verdad que buscaba y, desde ese momento, consagra su vida a la contemplaci\u00f3n y la vida en comunidad. Buscar la verdad juntos nos facilita el camino.<\/em><\/p>\n<p><em>\u201cSi la verdad es el objeto de las aspiraciones de todos los hombres, no puede ser coto cerrado de ninguno de ellos. La verdad no es m\u00eda ni tuya para que pueda ser tuya y m\u00eda\u201d\u00a0(Com. a los Salmos 103,2,11).<\/em><\/p>\n<p><em>\u201cNuestra principal dedicaci\u00f3n com\u00fan es buscar a Dios sin l\u00edmites, ya que sin l\u00edmites debe ser amado.\u201d\u00a0(Const. 22)<\/em><\/p>\n<p><strong>Interioridad<\/strong><\/p>\n<p><em>La interioridad permite apreciar lo que nos rodea, aceptar las propias limitaciones, encontrarnos con los dem\u00e1s, superar las adversidades y buscar la verdad. Permite conocerse a s\u00ed mismo y conocer mejor a Dios, que reside en nosotros.<\/em><\/p>\n<p><em>\u201cNo te desparrames. Conc\u00e9ntrate en tu intimidad. La Verdad reside en el hombre interior.\u201d\u00a0(La verdadera religi\u00f3n 39,72).<\/em><\/p>\n<p><em>\u201cA trav\u00e9s del camino de la interioridad se adquiere el conocimiento y el amor de Dios y del \u00c9l nos hacemos part\u00edcipes. Es, por tanto, necesario que nos volvamos siempre a nosotros mismos y, entrando en nuestro interior, pongamos todo el esfuerzo en perfeccionar el coraz\u00f3n para que, orando con deseo ininterrumpido, lleguemos a Dios.\u201d\u00a0(Const. 23).<\/em><\/p>\n<p><a href=\"http:\/\/sanagustin.org\/word\/wp-content\/uploads\/2015\/04\/carisma-1.jpg\"><img decoding=\"async\" loading=\"lazy\" class=\"alignnone  wp-image-2083\" src=\"http:\/\/sanagustin.org\/word\/wp-content\/uploads\/2015\/04\/carisma-1-201x300.jpg\" alt=\"carisma 1\" width=\"363\" height=\"542\" srcset=\"http:\/\/sanagustin.org\/word\/wp-content\/uploads\/2015\/04\/carisma-1-201x300.jpg 201w, http:\/\/sanagustin.org\/word\/wp-content\/uploads\/2015\/04\/carisma-1.jpg 554w\" sizes=\"(max-width: 363px) 100vw, 363px\" \/><\/a>\u00a0 \u00a0<a href=\"http:\/\/sanagustin.org\/word\/wp-content\/uploads\/2015\/04\/carisma-2.jpg\"><img decoding=\"async\" loading=\"lazy\" class=\"alignnone  wp-image-2084\" src=\"http:\/\/sanagustin.org\/word\/wp-content\/uploads\/2015\/04\/carisma-2-235x300.jpg\" alt=\"carisma 2\" width=\"423\" height=\"541\" srcset=\"http:\/\/sanagustin.org\/word\/wp-content\/uploads\/2015\/04\/carisma-2-235x300.jpg 235w, http:\/\/sanagustin.org\/word\/wp-content\/uploads\/2015\/04\/carisma-2.jpg 541w\" sizes=\"(max-width: 423px) 100vw, 423px\" \/><\/a><\/p>\n<p>&nbsp;<\/p>\n<p><strong>Inquietud<\/strong><\/p>\n<p><em>San Agust\u00edn vivi\u00f3 en su vida la experiencia de la \u201cinquietud\u201d, buscando incansablemente la Verdad-Dios, con un coraz\u00f3n insaciable e inquieto. El Papa Francisco propuso a los Agustinos mantener viva en nuestra vida tres inquietudes: la inquietud de la b\u00fasqueda espiritual, la inquietud del encuentro personal con Dios y la inquietud del amor al hermano concreto, que est\u00e1 junto a nosotros (Homil\u00eda al 184 Cap\u00edtulo General OSA, 2013).<\/em><\/p>\n<p><em>\u201cConsciente e inconscientemente, tendemos de modo continuo e insaciable a Dios para gozar del bien infinito con que se sacie nuestro deseo de felicidad, porque nos hizo para \u00c9l y nuestro coraz\u00f3n est\u00e1 inquieto hasta que descanse en \u00c9l.\u201d\u00a0(Const. 22)<\/em><\/p>\n<p><strong>Amor y servicio a la Iglesia<\/strong><\/p>\n<p><em>San Agust\u00edn pide una total disponibilidad para servir a la Iglesia en sus necesidades:\u00a0\u201cSi la madre Iglesia reclama vuestro concurso, no os lanc\u00e9is a trabajar con orgullo \u00e1vido ni huy\u00e1is del trabajo con torpe desidia. Obedeced a Dios con humilde coraz\u00f3n, llevando con mansedumbre a quien os gobierna a vosotros. El que dirige a los mansos en el juicio, ense\u00f1ar\u00e1 a los humildes sus caminos. No antepong\u00e1is vuestra contemplaci\u00f3n a las necesidades de la Iglesia\u201d\u00a0(Ep 48,2)<\/em><\/p>\n<p><em>\u201cSiguiendo las huellas de san Agust\u00edn, el amor a la Iglesia nos lleva a mostrarle una total disponibilidad para socorrerla en sus necesidades, aceptando con prontitud las tareas que nos pide, seg\u00fan el carisma de la Orden.\u201d\u00a0(Const. 35)<\/em><\/p>\n<p>&nbsp;<\/p>\n<p><strong>Abiertos al mundo<\/strong><\/p>\n<p><em>Hay personas cerca de nosotros que sufren por diversas circunstancias. No podemos estar al margen de su sufrimiento, sino que debemos hacerlo nuestro y conducir nuestros pasos comprometi\u00e9ndonos con los m\u00e1s desfavorecidos. La solidaridad es manifestaci\u00f3n de la caridad que debemos practicar como cristianos, pero no pretende tan s\u00f3lo ayudar, sino que supone asumir el sufrimiento y tratar de sofocarlo.<\/em><\/p>\n<p><em>\u201cEstando abiertos al mundo nos sentimos solidarios con toda la familia humana e implicados en sus avatares, atentos sobre todo a las necesidades de los m\u00e1s pobres y de los que padecen grav\u00edsimos males.\u201d\u00a0(Const. 35)<\/em><\/p>\n<p>&nbsp;<\/p>\n<p><strong>Testimonio<\/strong><\/p>\n<p><em>San Agust\u00edn exhorta siempre a dar testimonio de aut\u00e9ntica vida cristiana. No basta la palabra, sino que hay que hacerlo tambi\u00e9n con el ejemplo de vida:<\/em><\/p>\n<p><em>\u201cSeguid, pues, vuestra carrera y perseverad corriendo hasta la meta; y con el ejemplo de vuestra vida y con la palabra de vuestra exhortaci\u00f3n arrastrad en vuestra carrera a cuantos pod\u00e1is.\u201d\u00a0(BV 23,28).<\/em><\/p>\n<p><em>\u201cMediante la vida y el trabajo comunicamos a otros lo que Dios se ha dignado obrar en nosotros y en nuestra comunidad.\u201d\u00a0(Const. 38)<\/em><\/p>\n<p><strong>Consagrados a Dios<\/strong><\/p>\n<p><em>Los religiosos nos comprometemos a seguir m\u00e1s de cerca a Jesucristo consagrando nuestra vida, al servicio de Dios y del pueblo, en comunidad.<\/em><\/p>\n<p><em>\u201cPara lograr lo que nos proponemos, es necesario poner siempre en primer lugar la consagraci\u00f3n a Dios por medio de los votos religiosos, de donde proceden, como de su fuente, la vida com\u00fan y la actividad apost\u00f3lica.\u201d\u00a0<\/em><em>(Const. 14a)<\/em><\/p>\n","protected":false},"excerpt":{"rendered":"<p>Carisma y valores Seguimiento a Jesucristo Para San Agust\u00edn, Jesucristo debe ser el centro de toda vida cristiana. En \u00c9l encontramos el sentido de la vida y a \u00c9l debemos estar siempre unidos. \u201cLa norma fundamental de la vida religiosa es el seguimiento a Cristo, que nos impulsa al amor seg\u00fan nuestra personal consagraci\u00f3n.\u201d\u00a0(Const. 17) [&hellip;]<\/p>\n","protected":false},"author":2,"featured_media":0,"parent":0,"menu_order":0,"comment_status":"open","ping_status":"open","template":"","meta":[],"_links":{"self":[{"href":"http:\/\/sanagustin.org\/word\/wp-json\/wp\/v2\/pages\/51"}],"collection":[{"href":"http:\/\/sanagustin.org\/word\/wp-json\/wp\/v2\/pages"}],"about":[{"href":"http:\/\/sanagustin.org\/word\/wp-json\/wp\/v2\/types\/page"}],"author":[{"embeddable":true,"href":"http:\/\/sanagustin.org\/word\/wp-json\/wp\/v2\/users\/2"}],"replies":[{"embeddable":true,"href":"http:\/\/sanagustin.org\/word\/wp-json\/wp\/v2\/comments?post=51"}],"version-history":[{"count":6,"href":"http:\/\/sanagustin.org\/word\/wp-json\/wp\/v2\/pages\/51\/revisions"}],"predecessor-version":[{"id":2085,"href":"http:\/\/sanagustin.org\/word\/wp-json\/wp\/v2\/pages\/51\/revisions\/2085"}],"wp:attachment":[{"href":"http:\/\/sanagustin.org\/word\/wp-json\/wp\/v2\/media?parent=51"}],"curies":[{"name":"wp","href":"https:\/\/api.w.org\/{rel}","templated":true}]}}